{"id":429,"date":"2012-01-08T13:44:46","date_gmt":"2012-01-08T12:44:46","guid":{"rendered":"http:\/\/www.mindmorph.de\/?page_id=429"},"modified":"2012-07-16T13:04:43","modified_gmt":"2012-07-16T11:04:43","slug":"uber-mindmorph","status":"publish","type":"page","link":"https:\/\/www.mindmorph.de\/index.php\/uber-mindmorph\/","title":{"rendered":"\u00dcber Mindmorph"},"content":{"rendered":"<p>Al Hail Diskordia<\/p>\n<p>Mindmorph.de ist das private Weblog von Stephan Schneider und dient der Verbreitung von Gedanken, Inspiration&#8230;Metaphysik und irdischen Dingen&#8230;kleinen in gro\u00dfen&#8230;gro\u00dfen in kleinen&#8230;<\/p>\n<p>Sollte jemand seine Rechte oder die irgend welcher anderen Personen verletzt sehen, bitte ich mich zu informieren.<br \/>\nAbmahnung ohne mich vorher in Kenntnis zu setzen und eine g\u00fctliche Einigung zu suchen, werden im Sinne der Schadensminderungspflicht als unbegr\u00fcndet zur\u00fcckgewiesen.<\/p>\n<p>Bitte beachten Sie auch den <a href=\"http:\/\/www.disclaimer.de\/disclaimer.htm\">Haftungsausschluss<\/a>, der inhaltlich als Teil der Mindmorph-Seiten anzusehen ist.<\/p>\n<p>Bremen&#8230;.<\/p>\n<p>kallisti<\/p>\n<p>Lamed<\/p>\n","protected":false},"excerpt":{"rendered":"<p>Al Hail Diskordia Mindmorph.de ist das private Weblog von Stephan Schneider und dient der Verbreitung von Gedanken, Inspiration&#8230;Metaphysik und irdischen Dingen&#8230;kleinen in gro\u00dfen&#8230;gro\u00dfen in kleinen&#8230; Sollte jemand seine Rechte oder die irgend welcher anderen Personen verletzt sehen, bitte ich mich zu informieren. Abmahnung ohne mich vorher in Kenntnis zu setzen und eine g\u00fctliche Einigung zu [&hellip;]<\/p>\n","protected":false},"author":1,"featured_media":0,"parent":0,"menu_order":0,"comment_status":"closed","ping_status":"closed","template":"","meta":{"footnotes":""},"class_list":["post-429","page","type-page","status-publish","hentry"],"_links":{"self":[{"href":"https:\/\/www.mindmorph.de\/index.php\/wp-json\/wp\/v2\/pages\/429","targetHints":{"allow":["GET"]}}],"collection":[{"href":"https:\/\/www.mindmorph.de\/index.php\/wp-json\/wp\/v2\/pages"}],"about":[{"href":"https:\/\/www.mindmorph.de\/index.php\/wp-json\/wp\/v2\/types\/page"}],"author":[{"embeddable":true,"href":"https:\/\/www.mindmorph.de\/index.php\/wp-json\/wp\/v2\/users\/1"}],"replies":[{"embeddable":true,"href":"https:\/\/www.mindmorph.de\/index.php\/wp-json\/wp\/v2\/comments?post=429"}],"version-history":[{"count":5,"href":"https:\/\/www.mindmorph.de\/index.php\/wp-json\/wp\/v2\/pages\/429\/revisions"}],"predecessor-version":[{"id":484,"href":"https:\/\/www.mindmorph.de\/index.php\/wp-json\/wp\/v2\/pages\/429\/revisions\/484"}],"wp:attachment":[{"href":"https:\/\/www.mindmorph.de\/index.php\/wp-json\/wp\/v2\/media?parent=429"}],"curies":[{"name":"wp","href":"https:\/\/api.w.org\/{rel}","templated":true}]}}